{"id":24,"date":"2015-02-10T12:28:35","date_gmt":"2015-02-10T12:28:35","guid":{"rendered":"http:\/\/stein-kosmetik.de\/cms\/?page_id=24"},"modified":"2024-05-29T14:13:06","modified_gmt":"2024-05-29T12:13:06","slug":"aktuelles","status":"publish","type":"page","link":"https:\/\/www.stein-kosmetik.de\/cms\/aktuelles\/","title":{"rendered":"Aktuelles"},"content":{"rendered":"<div id=\"pl-24\"  class=\"panel-layout\" ><div id=\"pg-24-0\"  class=\"panel-grid panel-no-style\" ><div id=\"pgc-24-0-0\"  class=\"panel-grid-cell\" ><div id=\"panel-24-0-0-0\" class=\"so-panel widget widget_black-studio-tinymce widget_black_studio_tinymce panel-first-child panel-last-child\" data-index=\"0\" ><div class=\"panel-widget-style panel-widget-style-for-24-0-0-0\" ><div class=\"textwidget\"><h1 class=\"p1\"><strong>Wir ziehen um!<\/strong><\/h1>\n<h3>Ab Juli 2024 finden Sie uns unter unserer neuen Adresse:<\/h3>\n<h3>Im Wiesengrund 12<br \/>\n56237 Nauort<\/h3>\n<p>Allen Kunden stehen kostenlose Parkl\u00e4tze direkt vor der T\u00fcr zur Verf\u00fcgung. <strong>Wir freuen uns auf ein Wiedersehen!<\/strong><\/p>\n<\/div><\/div><\/div><\/div><\/div><div id=\"pg-24-1\"  class=\"panel-grid panel-no-style\" ><div id=\"pgc-24-1-0\"  class=\"panel-grid-cell\" ><div id=\"panel-24-1-0-0\" class=\"so-panel widget widget_black-studio-tinymce widget_black_studio_tinymce panel-first-child panel-last-child\" data-index=\"1\" ><div class=\"panel-widget-style panel-widget-style-for-24-1-0-0\" ><div class=\"textwidget\"><p class=\"p1\">Liebe Kunden,<\/p>\n<p class=\"p1\">wir m\u00f6chten Sie nochmals darauf aufmerksam machen, da\u00df wir uns erlauben, bei <strong>nicht sp\u00e4testens 24 Stunden<\/strong> vorher abgesagten Terminen, <strong>50% des gebuchten Behandlungspreises zu berechnen.<\/strong><\/p>\n<p class=\"p1\">Bei nicht Erscheinen eines gebuchten Termines der ohne fristgerechte Absage erfolgt, erlauben wir uns, <strong>100% des gebuchten Behandlungspreises zu berechnen.<\/strong><\/p>\n<p>Vielen Dank f\u00fcr Ihr Verst\u00e4ndnis.<\/p>\n<\/div><\/div><\/div><\/div><\/div><div id=\"pg-24-2\"  class=\"panel-grid panel-no-style\" ><div id=\"pgc-24-2-0\"  class=\"panel-grid-cell\" ><div id=\"panel-24-2-0-0\" class=\"so-panel widget widget_media_image panel-first-child panel-last-child\" data-index=\"2\" ><img width=\"500\" height=\"710\" src=\"https:\/\/www.stein-kosmetik.de\/cms\/wp-content\/uploads\/2020\/02\/flyer-768x1090.jpg\" class=\"image wp-image-294  attachment-500x710 size-500x710\" alt=\"\" loading=\"lazy\" style=\"max-width: 100%; height: auto;\" srcset=\"https:\/\/www.stein-kosmetik.de\/cms\/wp-content\/uploads\/2020\/02\/flyer-768x1090.jpg 768w, https:\/\/www.stein-kosmetik.de\/cms\/wp-content\/uploads\/2020\/02\/flyer-211x300.jpg 211w, https:\/\/www.stein-kosmetik.de\/cms\/wp-content\/uploads\/2020\/02\/flyer.jpg 1000w\" sizes=\"(max-width: 500px) 100vw, 500px\" \/><\/div><\/div><\/div><div id=\"pg-24-3\"  class=\"panel-grid panel-no-style\" ><div id=\"pgc-24-3-0\"  class=\"panel-grid-cell\" ><div id=\"panel-24-3-0-0\" class=\"so-panel widget widget_black-studio-tinymce widget_black_studio_tinymce panel-first-child panel-last-child\" data-index=\"3\" ><div class=\"panel-widget-style panel-widget-style-for-24-3-0-0\" ><div class=\"textwidget\"><h2>5 Jahre Kosmetikatelier Stein<br \/>\u00a001.03.2010 - 01.03.2015<\/h2>\n<p>Liebe Kunden,<\/p>\n<p>5 Jahre sind nun vergangen,<br \/> seit dem ich mit der Selbstst\u00e4ndigkeit hab angefangen.<br \/> Um stets perfekte Leistung zu bringen,<br \/> gabs manche H\u00fcrden zu \u00fcberspringen.<br \/> Jedoch eins ist mittlerweile klar,<br \/> meine Kunden die sind wunderbar.<br \/> Von Herzen m\u00f6chte ich Danke sagen<br \/> und paar neue Schritte wagen.<br \/> Vielen Dank f\u00fcr Ihr Vertrauen,<br \/> ich hoffe ich kann weiter auf sie bauen.<br \/> Neue Ideen und \u00dcberraschungen die sind da,<br \/> nat\u00fcrlich im Sinne der Kunden, dass ist doch sonnenklar.<\/p>\n<p>Vielen herzlichen Dank f\u00fcr Ihre jahrelange Treue und Ihr Vertrauen.<br \/> Freuen Sie sich im Mai\/Juni auf die Jubil\u00e4umsfeier und die Neuer\u00f6ffnung des neuen Kosmetikateliers.<\/p>\n<p>Ihre Jennifer Stein<\/p>\n<p>\u00a0<\/p>\n<\/div><\/div><\/div><\/div><\/div><\/div>","protected":false},"excerpt":{"rendered":"<p>Wir ziehen um! Ab Juli 2024 finden Sie uns unter unserer neuen Adresse: Im Wiesengrund 12 56237 Nauort Allen Kunden stehen kostenlose Parkl\u00e4tze direkt vor der T\u00fcr zur Verf\u00fcgung. Wir freuen uns auf ein Wiedersehen! Liebe Kunden, wir m\u00f6chten Sie nochmals darauf aufmerksam machen, da\u00df wir uns erlauben, bei nicht sp\u00e4testens 24 Stunden vorher abgesagten [&hellip;]<\/p>\n","protected":false},"author":1,"featured_media":0,"parent":0,"menu_order":0,"comment_status":"closed","ping_status":"closed","template":"templates\/template-full.php","meta":[],"_links":{"self":[{"href":"https:\/\/www.stein-kosmetik.de\/cms\/wp-json\/wp\/v2\/pages\/24"}],"collection":[{"href":"https:\/\/www.stein-kosmetik.de\/cms\/wp-json\/wp\/v2\/pages"}],"about":[{"href":"https:\/\/www.stein-kosmetik.de\/cms\/wp-json\/wp\/v2\/types\/page"}],"author":[{"embeddable":true,"href":"https:\/\/www.stein-kosmetik.de\/cms\/wp-json\/wp\/v2\/users\/1"}],"replies":[{"embeddable":true,"href":"https:\/\/www.stein-kosmetik.de\/cms\/wp-json\/wp\/v2\/comments?post=24"}],"version-history":[{"count":39,"href":"https:\/\/www.stein-kosmetik.de\/cms\/wp-json\/wp\/v2\/pages\/24\/revisions"}],"predecessor-version":[{"id":526,"href":"https:\/\/www.stein-kosmetik.de\/cms\/wp-json\/wp\/v2\/pages\/24\/revisions\/526"}],"wp:attachment":[{"href":"https:\/\/www.stein-kosmetik.de\/cms\/wp-json\/wp\/v2\/media?parent=24"}],"curies":[{"name":"wp","href":"https:\/\/api.w.org\/{rel}","templated":true}]}}

<div id="pl-24"  class="panel-layout" ><div id="pg-24-0"  class="panel-grid panel-no-style" ><div id="pgc-24-0-0"  class="panel-grid-cell" ><div id="panel-24-0-0-0" class="so-panel widget widget_black-studio-tinymce widget_black_studio_tinymce panel-first-child panel-last-child" data-index="0" ><div class="panel-widget-style panel-widget-style-for-24-0-0-0" ><div class="textwidget"><h1 class="p1"><strong>Wir ziehen um!</strong></h1>
<h3>Ab Juli 2024 finden Sie uns unter unserer neuen Adresse:</h3>
<h3>Im Wiesengrund 12<br />
56237 Nauort</h3>
<p>Allen Kunden stehen kostenlose Parklätze direkt vor der Tür zur Verfügung. <strong>Wir freuen uns auf ein Wiedersehen!</strong></p>
</div></div></div></div></div><div id="pg-24-1"  class="panel-grid panel-no-style" ><div id="pgc-24-1-0"  class="panel-grid-cell" ><div id="panel-24-1-0-0" class="so-panel widget widget_black-studio-tinymce widget_black_studio_tinymce panel-first-child panel-last-child" data-index="1" ><div class="panel-widget-style panel-widget-style-for-24-1-0-0" ><div class="textwidget"><p class="p1">Liebe Kunden,</p>
<p class="p1">wir möchten Sie nochmals darauf aufmerksam machen, daß wir uns erlauben, bei <strong>nicht spätestens 24 Stunden</strong> vorher abgesagten Terminen, <strong>50% des gebuchten Behandlungspreises zu berechnen.</strong></p>
<p class="p1">Bei nicht Erscheinen eines gebuchten Termines der ohne fristgerechte Absage erfolgt, erlauben wir uns, <strong>100% des gebuchten Behandlungspreises zu berechnen.</strong></p>
<p>Vielen Dank für Ihr Verständnis.</p>
</div></div></div></div></div><div id="pg-24-2"  class="panel-grid panel-no-style" ><div id="pgc-24-2-0"  class="panel-grid-cell" ><div id="panel-24-2-0-0" class="so-panel widget widget_media_image panel-first-child panel-last-child" data-index="2" ><img width="500" height="710" src="https://www.stein-kosmetik.de/cms/wp-content/uploads/2020/02/flyer-768x1090.jpg" class="image wp-image-294  attachment-500x710 size-500x710" alt="" loading="lazy" style="max-width: 100%; height: auto;" srcset="https://www.stein-kosmetik.de/cms/wp-content/uploads/2020/02/flyer-768x1090.jpg 768w, https://www.stein-kosmetik.de/cms/wp-content/uploads/2020/02/flyer-211x300.jpg 211w, https://www.stein-kosmetik.de/cms/wp-content/uploads/2020/02/flyer.jpg 1000w" sizes="(max-width: 500px) 100vw, 500px" /></div></div></div><div id="pg-24-3"  class="panel-grid panel-no-style" ><div id="pgc-24-3-0"  class="panel-grid-cell" ><div id="panel-24-3-0-0" class="so-panel widget widget_black-studio-tinymce widget_black_studio_tinymce panel-first-child panel-last-child" data-index="3" ><div class="panel-widget-style panel-widget-style-for-24-3-0-0" ><div class="textwidget"><h2>5 Jahre Kosmetikatelier Stein<br /> 01.03.2010 - 01.03.2015</h2>
<p>Liebe Kunden,</p>
<p>5 Jahre sind nun vergangen,<br /> seit dem ich mit der Selbstständigkeit hab angefangen.<br /> Um stets perfekte Leistung zu bringen,<br /> gabs manche Hürden zu überspringen.<br /> Jedoch eins ist mittlerweile klar,<br /> meine Kunden die sind wunderbar.<br /> Von Herzen möchte ich Danke sagen<br /> und paar neue Schritte wagen.<br /> Vielen Dank für Ihr Vertrauen,<br /> ich hoffe ich kann weiter auf sie bauen.<br /> Neue Ideen und Überraschungen die sind da,<br /> natürlich im Sinne der Kunden, dass ist doch sonnenklar.</p>
<p>Vielen herzlichen Dank für Ihre jahrelange Treue und Ihr Vertrauen.<br /> Freuen Sie sich im Mai/Juni auf die Jubiläumsfeier und die Neueröffnung des neuen Kosmetikateliers.</p>
<p>Ihre Jennifer Stein</p>
<p> </p>
</div></div></div></div></div></div>

<p>Wir ziehen um! Ab Juli 2024 finden Sie uns unter unserer neuen Adresse: Im Wiesengrund 12 56237 Nauort Allen Kunden stehen kostenlose Parklätze direkt vor der Tür zur Verfügung. Wir freuen uns auf ein Wiedersehen! Liebe Kunden, wir möchten Sie nochmals darauf aufmerksam machen, daß wir uns erlauben, bei nicht spätestens 24 Stunden vorher abgesagten [&hellip;]</p>
